[INFO] fetching crate cellular_env 0.1.1...
[INFO] checking cellular_env-0.1.1 against master#af3c6e733a40e671550e0f0f5aeecaa13772ba56 for pr-74989
[INFO] extracting crate cellular_env 0.1.1 into /workspace/builds/worker-3/source
[INFO] validating manifest of crates.io crate cellular_env 0.1.1 on toolchain af3c6e733a40e671550e0f0f5aeecaa13772ba56
[INFO] running `Command { std: "/workspace/cargo-home/bin/cargo" "+af3c6e733a40e671550e0f0f5aeecaa13772ba56" "read-manifest" "--manifest-path" "Cargo.toml", kill_on_drop: false }`
[INFO] started tweaking crates.io crate cellular_env 0.1.1
[INFO] finished tweaking crates.io crate cellular_env 0.1.1
[INFO] tweaked toml for crates.io crate cellular_env 0.1.1 written to /workspace/builds/worker-3/source/Cargo.toml
[INFO] running `Command { std: "/workspace/cargo-home/bin/cargo" "+af3c6e733a40e671550e0f0f5aeecaa13772ba56" "generate-lockfile" "--manifest-path" "Cargo.toml" "-Zno-index-update", kill_on_drop: false }`
[INFO] running `Command { std: "/workspace/cargo-home/bin/cargo" "+af3c6e733a40e671550e0f0f5aeecaa13772ba56" "fetch" "--locked" "--manifest-path" "Cargo.toml", kill_on_drop: false }`
[INFO] [stderr]     Blocking waiting for file lock on package cache
[INFO] running `Command { std: "docker" "create" "-v" "/var/lib/crater-agent-workspace/builds/worker-3/target:/opt/rustwide/target:rw,Z" "-v" "/var/lib/crater-agent-workspace/builds/worker-3/source:/opt/rustwide/workdir:ro,Z" "-v" "/var/lib/crater-agent-workspace/cargo-home:/opt/rustwide/cargo-home:ro,Z" "-v" "/var/lib/crater-agent-workspace/rustup-home:/opt/rustwide/rustup-home:ro,Z" "-e" "SOURCE_DIR=/opt/rustwide/workdir" "-e" "CARGO_TARGET_DIR=/opt/rustwide/target" "-e" "CARGO_HOME=/opt/rustwide/cargo-home" "-e" "RUSTUP_HOME=/opt/rustwide/rustup-home" "-w" "/opt/rustwide/workdir" "-m" "1610612736" "--user" "0:0" "--network" "none" "rustops/crates-build-env@sha256:d92eaeed33fa75130ca1ee6c8a01d1ffb62bac859dfdfb3450e3e5d1c0146529" "/opt/rustwide/cargo-home/bin/cargo" "+af3c6e733a40e671550e0f0f5aeecaa13772ba56" "metadata" "--no-deps" "--format-version=1", kill_on_drop: false }`
[INFO] [stdout] f0e1fac687c2e28cc9ae837cfd869a932ebedc31d0e52fef06617b8d011875a6
[INFO] [stderr] WARNING: Your kernel does not support swap limit capabilities or the cgroup is not mounted. Memory limited without swap.
[INFO] running `Command { std: "docker" "start" "-a" "f0e1fac687c2e28cc9ae837cfd869a932ebedc31d0e52fef06617b8d011875a6", kill_on_drop: false }`
[INFO] running `Command { std: "docker" "inspect" "f0e1fac687c2e28cc9ae837cfd869a932ebedc31d0e52fef06617b8d011875a6", kill_on_drop: false }`
[INFO] running `Command { std: "docker" "rm" "-f" "f0e1fac687c2e28cc9ae837cfd869a932ebedc31d0e52fef06617b8d011875a6", kill_on_drop: false }`
[INFO] [stdout] f0e1fac687c2e28cc9ae837cfd869a932ebedc31d0e52fef06617b8d011875a6
[INFO] running `Command { std: "docker" "create" "-v" "/var/lib/crater-agent-workspace/builds/worker-3/target:/opt/rustwide/target:rw,Z" "-v" "/var/lib/crater-agent-workspace/builds/worker-3/source:/opt/rustwide/workdir:ro,Z" "-v" "/var/lib/crater-agent-workspace/cargo-home:/opt/rustwide/cargo-home:ro,Z" "-v" "/var/lib/crater-agent-workspace/rustup-home:/opt/rustwide/rustup-home:ro,Z" "-e" "SOURCE_DIR=/opt/rustwide/workdir" "-e" "CARGO_TARGET_DIR=/opt/rustwide/target" "-e" "CARGO_INCREMENTAL=0" "-e" "RUST_BACKTRACE=full" "-e" "RUSTFLAGS=--cap-lints=forbid" "-e" "CARGO_HOME=/opt/rustwide/cargo-home" "-e" "RUSTUP_HOME=/opt/rustwide/rustup-home" "-w" "/opt/rustwide/workdir" "-m" "1610612736" "--user" "0:0" "--network" "none" "rustops/crates-build-env@sha256:d92eaeed33fa75130ca1ee6c8a01d1ffb62bac859dfdfb3450e3e5d1c0146529" "/opt/rustwide/cargo-home/bin/cargo" "+af3c6e733a40e671550e0f0f5aeecaa13772ba56" "check" "--frozen" "--all" "--all-targets" "--message-format=json", kill_on_drop: false }`
[INFO] [stderr] WARNING: Your kernel does not support swap limit capabilities or the cgroup is not mounted. Memory limited without swap.
[INFO] [stdout] c6843de751fc7120f53007132e7d898811152fb045914755059582ffd54636b7
[INFO] running `Command { std: "docker" "start" "-a" "c6843de751fc7120f53007132e7d898811152fb045914755059582ffd54636b7", kill_on_drop: false }`
[INFO] [stderr]     Checking cellular_lib v0.1.1
[INFO] [stderr]     Checking cellular_env v0.1.1 (/opt/rustwide/workdir)
[INFO] [stdout] error[E0412]: cannot find type `RunFunc` in module `cellular_process`
[INFO] [stdout]   --> src/main.rs:40:42
[INFO] [stdout]    |
[INFO] [stdout] 40 |         let run_func: &cellular_process::RunFunc<util::UsizeWrapper, AdaptiveMetaData> =
[INFO] [stdout]    |                                          ^^^^^^^ not found in `cellular_process`
[INFO] [stdout] 
[INFO] [stdout] 
[INFO] [stdout] error[E0412]: cannot find type `RunFunc` in module `cellular_process`
[INFO] [stdout]   --> src/main.rs:40:42
[INFO] [stdout]    |
[INFO] [stdout] 40 |         let run_func: &cellular_process::RunFunc<util::UsizeWrapper, AdaptiveMetaData> =
[INFO] [stdout]    |                                          ^^^^^^^ not found in `cellular_process`
[INFO] [stdout] 
[INFO] [stdout] 
[INFO] [stdout] error[E0599]: no function or associated item named `run_func` found for struct `cellular_lib::cellular_automata::AdaptiveCellularAutomata<'_>` in the current scope
[INFO] [stdout]   --> src/main.rs:41:40
[INFO] [stdout]    |
[INFO] [stdout] 41 |             &AdaptiveCellularAutomata::run_func;
[INFO] [stdout]    |                                        ^^^^^^^^ function or associated item not found in `cellular_lib::cellular_automata::AdaptiveCellularAutomata<'_>`
[INFO] [stdout] 
[INFO] [stdout] 
[INFO] [stdout] error[E0061]: this function takes 3 arguments but 5 arguments were supplied
[INFO] [stdout]   --> src/main.rs:45:14
[INFO] [stdout]    |
[INFO] [stdout] 45 |         grid.apply(transition, neighbor, run_func, 1, &meta);
[INFO] [stdout]    |              ^^^^^ ----------  --------  --------  -  ----- supplied 5 arguments
[INFO] [stdout]    |              |
[INFO] [stdout]    |              expected 3 arguments
[INFO] [stdout] 
[INFO] [stdout] 
[INFO] [stdout] error: aborting due to 3 previous errors
[INFO] [stdout] 
[INFO] [stdout] 
[INFO] [stdout] Some errors have detailed explanations: E0061, E0412, E0599.
[INFO] [stdout] 
[INFO] [stdout] For more information about an error, try `rustc --explain E0061`.
[INFO] [stdout] 
[INFO] [stderr] error: could not compile `cellular_env`.
[INFO] [stderr] 
[INFO] [stderr] To learn more, run the command again with --verbose.
[INFO] [stderr] warning: build failed, waiting for other jobs to finish...
[INFO] [stdout] error[E0599]: no function or associated item named `run_func` found for struct `cellular_lib::cellular_automata::AdaptiveCellularAutomata<'_>` in the current scope
[INFO] [stdout]   --> src/main.rs:41:40
[INFO] [stdout]    |
[INFO] [stdout] 41 |             &AdaptiveCellularAutomata::run_func;
[INFO] [stdout]    |                                        ^^^^^^^^ function or associated item not found in `cellular_lib::cellular_automata::AdaptiveCellularAutomata<'_>`
[INFO] [stdout] 
[INFO] [stdout] 
[INFO] [stdout] error[E0061]: this function takes 3 arguments but 5 arguments were supplied
[INFO] [stdout]   --> src/main.rs:45:14
[INFO] [stdout]    |
[INFO] [stdout] 45 |         grid.apply(transition, neighbor, run_func, 1, &meta);
[INFO] [stdout]    |              ^^^^^ ----------  --------  --------  -  ----- supplied 5 arguments
[INFO] [stdout]    |              |
[INFO] [stdout]    |              expected 3 arguments
[INFO] [stdout] 
[INFO] [stdout] 
[INFO] [stdout] error: aborting due to 3 previous errors
[INFO] [stdout] 
[INFO] [stdout] 
[INFO] [stdout] Some errors have detailed explanations: E0061, E0412, E0599.
[INFO] [stdout] 
[INFO] [stdout] For more information about an error, try `rustc --explain E0061`.
[INFO] [stdout] 
[INFO] [stderr] error: build failed
[INFO] running `Command { std: "docker" "inspect" "c6843de751fc7120f53007132e7d898811152fb045914755059582ffd54636b7", kill_on_drop: false }`
[INFO] running `Command { std: "docker" "rm" "-f" "c6843de751fc7120f53007132e7d898811152fb045914755059582ffd54636b7", kill_on_drop: false }`
[INFO] [stdout] c6843de751fc7120f53007132e7d898811152fb045914755059582ffd54636b7
